{"id":307,"date":"2023-07-10T14:01:28","date_gmt":"2023-07-10T14:01:28","guid":{"rendered":"https:\/\/unitreorvieto.ddev.site\/?page_id=307"},"modified":"2026-02-06T11:57:12","modified_gmt":"2026-02-06T10:57:12","slug":"borsa-di-studio-santoro","status":"publish","type":"page","link":"https:\/\/unitreorvieto.it\/?page_id=307","title":{"rendered":"Borsa di studio \u201cMaria Teresa Santoro\u201d"},"content":{"rendered":"\n<p><strong>PER L\u2019ANNO SCOLASTICO 2025\/202<\/strong>6<\/p>\n\n\n\n<p><strong><em>Con il Patrocinio dell\u2019Associazione Nazionale delle<\/em><\/strong> <strong><em>Universit\u00e0 della Terza Et\u00e0 &#8211; UNITRE &#8211; Universit\u00e0 delle Tre Et\u00e0<\/em><\/strong><\/p>\n\n\n\n<p><strong>1. Istituzione della Borsa di studio \u201cMaria Teresa Santoro\u201d e requisiti dei concorrenti<\/strong><\/p>\n\n\n\n<p>In ossequio alle deliberazioni assunte dal Consiglio Direttivo dell&#8217;UNITRE &#8211; Universit\u00e0 delle Tre Et\u00e0 di Orvieto, al fine di onorare la memoria della compianta <strong>Prof.ssa Maria Teresa Santoro<\/strong>, per lungo tempo Presidente e animatrice dell\u2019Associazione, nell\u2019anno scolastico in corso viene bandita una borsa di studio da conferire all\u2019allievo\/a, diplomato\/a nelle <strong>Scuole Secondarie di I Grado Scalza e Signorelli del Comune di Orvieto <\/strong>e selezionato da apposita Commissione di Valutazione nominata dal Consiglio Direttivo Unitre, che risponda alle caratteristiche di seguito elencate come titolo di preferenza. L\u2019alunno dovr\u00e0 produrre un elaborato (sono ammessi lavori e opere creative di tipo: <strong>testo<\/strong> &#8211; tema, poesia, racconto, sceneggiatura; <strong>immagine<\/strong> &#8211; elaborato grafico, disegno, fotografia, pittura, scultura; <strong>file audio<\/strong> &#8211; composizioni musicali, canzoni, musiche, letture; <strong>file video<\/strong> &#8211; spot, cortometraggio, lungometraggio, attivit\u00e0 performative) <strong>inerente ai rapporti fra nonni e nipoti<\/strong>, entro il <strong>31 Maggio 2026 unitamente alla domanda di partecipazione<\/strong>.<\/p>\n\n\n\n<p><strong>1.1 Borsa di studio di \u20ac250,00<\/strong> (duecentocinquanta), quale controvalore in buoni acquisto di libri di testo e dizionari presso l\u2019Edicola Cartolibreria La Margherita di Orvieto, per l\u2019alunno\/a selezionato\/a che, superato l\u2019esame finale della Scuola Secondaria di I Grado, proseguir\u00e0 gli studi iscrivendosi presso un Istituto di Scuola Secondaria di II Grado del Comune di Orvieto.<\/p>\n\n\n\n<p><strong>2. Domande di partecipazione e documentazione richiesta<\/strong><\/p>\n\n\n\n<p><strong>2.1 <\/strong>Le domande di partecipazione al concorso, da compilarsi in carta libera, devono pervenire (insieme all\u2019elaborato prodotto) entro il <strong>31 Maggio 2026 <\/strong>tramite raccomandata con ricevuta di ritorno, o consegna a mano nei giorni di apertura della segreteria, indirizzata a: <strong>Segreteria UNITRE &#8211; Universit\u00e0 delle Tre Et\u00e0 di Orvieto presso Palazzo Simoncelli, Piazza del Popolo n.17 &#8211; 05018 Orvieto (TR)<\/strong>;<\/p>\n\n\n\n<p><strong>2.2 <\/strong>entro e non oltre il <strong>10 Luglio 2026<\/strong> le domande dovranno essere integrate dai seguenti documenti in carta libera:<\/p>\n\n\n\n<p><strong>a)<\/strong> certificato della Scuola di appartenenza attestante il titolo di studio conseguito;<br><strong>b)<\/strong> certificato di iscrizione ad un Istituto di Scuola Secondaria di II Grado del Comune di Orvieto;<br><strong>c)<\/strong> stato di famiglia e copia Mod. 730 o CUD o 740\/760, dal quale risulti il reddito del nucleo familiare di appartenenza oppure, in mancanza, autocertificazione secondo le modalit\u00e0 previste dal DPR 445\/2000 da cui risulti che i familiari non hanno percepito alcun reddito;<br><strong>d)<\/strong> ogni altra idonea documentazione che sia ritenuta rilevante agli effetti della valutazione dei titoli preferenziali indicati al successivo punto 3.<\/p>\n\n\n\n<p><strong>3. Titoli preferenziali<\/strong><\/p>\n\n\n\n<p><strong>3.1<\/strong> A parit\u00e0 di merito, costituiscono titoli preferenziali i seguenti elementi, disposti in ordine graduale:<\/p>\n\n\n\n<p><strong>a)<\/strong> il minor reddito familiare;<br><strong>b)<\/strong> l\u2019et\u00e0 minore al momento del diploma.<\/p>\n\n\n\n<p><strong>4. Trattamento dei dati personali<\/strong><\/p>\n\n\n\n<p><strong>4.1<\/strong> Le domande di partecipazione al concorso debbono contenere la dichiarazione di consenso al trattamento dei dati personali, per ogni finalit\u00e0 di cui al progetto, ed essere sottoscritte dai concorrenti stessi e da un genitore o da chi ne fa le veci;<\/p>\n\n\n\n<p><strong>4.2<\/strong> la documentazione prodotta potr\u00e0 essere ritirata dagli interessati a seguito dell\u2019espletamento del concorso e, se non ritirata, l\u2019UNITRE &#8211; Universit\u00e0 delle Tre Et\u00e0 ha facolt\u00e0 di distruggerla trascorsi 30 giorni dalla pubblicazione dei risultati, senza ulteriore avviso;<\/p>\n\n\n\n<p><strong>4.3<\/strong> i risultati della selezione saranno comunicati per iscritto al vincitore e alla Scuola di provenienza, e affissi nella bacheca all\u2019interno della Sede Sociale.<\/p>\n\n\n\n<p><strong>5. Assegnazione e consegna della Borsa di studio<\/strong><\/p>\n\n\n\n<p><strong>5.1<\/strong> La Borsa di studio sar\u00e0 assegnata su giudizio insindacabile della Commissione di Valutazione, nominata dal Consiglio Direttivo dell\u2019UNITRE &#8211; Universit\u00e0 delle Tre Et\u00e0 di Orvieto e composta di 5 (cinque) membri di chiara competenza didattico-artistica;<\/p>\n\n\n\n<p><strong>5.2<\/strong> la Commissione di Valutazione, dopo aver analizzato gli elaborati e tutta la documentazione prodotta, proclamer\u00e0 il vincitore;<\/p>\n\n\n\n<p><strong>5.3<\/strong> qualora nessun concorrente sia in possesso dei requisiti indicati al precedente punto 1 o i documenti prodotti risultino inidonei o irregolari, la Borsa di studio non verr\u00e0 assegnata;<\/p>\n\n\n\n<p><strong>5.4<\/strong> lo studente vincitore potr\u00e0 usufruire della Borsa di studio (buono acquisto di libri di testo e dizionari pari a \u20ac250,00) presso l\u2019Edicola Cartolibreria La Margherita di Orvieto dopo specifica comunicazione da parte della Segreteria Unitre;<\/p>\n\n\n\n<p><strong>5.5<\/strong> UNITRE &#8211; Universit\u00e0 delle Tre Et\u00e0 di Orvieto ha facolt\u00e0 di organizzare apposito evento per rendere pubblici i risultati della selezione.<\/p>\n\n\n\n<figure class=\"wp-block-table is-style-stripes has-small-font-size\"><table><tbody><tr><td class=\"has-text-align-center\" data-align=\"center\"><strong>IL PRESIDENTE<\/strong><\/td><td class=\"has-text-align-center\" data-align=\"center\"><strong>IL SEGRETARIO<\/strong><\/td><\/tr><tr><td class=\"has-text-align-center\" data-align=\"center\"><strong>M\u00b0 Riccardo Cambri<\/strong><strong><\/strong><\/td><td class=\"has-text-align-center\" data-align=\"center\"><strong>Prof.ssa Angiolina Vonmoos<\/strong><strong><\/strong><\/td><\/tr><\/tbody><\/table><\/figure>\n\n\n\n<p class=\"has-small-font-size\"><\/p>\n","protected":false},"excerpt":{"rendered":"<p>PER L\u2019ANNO SCOLASTICO 2025\/2026 Con il Patrocinio dell\u2019Associazione Nazionale delle Universit\u00e0 della Terza Et\u00e0 &#8211; UNITRE &#8211; Universit\u00e0 delle Tre Et\u00e0 1. Istituzione della Borsa di studio \u201cMaria Teresa Santoro\u201d e requisiti dei concorrenti In ossequio alle deliberazioni assunte dal Consiglio Direttivo dell&#8217;UNITRE &#8211; Universit\u00e0 delle Tre Et\u00e0 di Orvieto, al fine di onorare la&hellip;<\/p>\n","protected":false},"author":5,"featured_media":0,"parent":0,"menu_order":6,"comment_status":"closed","ping_status":"closed","template":"","meta":{"om_disable_all_campaigns":false,"_monsterinsights_skip_tracking":false,"_monsterinsights_sitenote_active":false,"_monsterinsights_sitenote_note":"","_monsterinsights_sitenote_category":0,"footnotes":""},"class_list":["post-307","page","type-page","status-publish","format-standard","hentry"],"aioseo_notices":[],"_links":{"self":[{"href":"https:\/\/unitreorvieto.it\/index.php?rest_route=\/wp\/v2\/pages\/307","targetHints":{"allow":["GET"]}}],"collection":[{"href":"https:\/\/unitreorvieto.it\/index.php?rest_route=\/wp\/v2\/pages"}],"about":[{"href":"https:\/\/unitreorvieto.it\/index.php?rest_route=\/wp\/v2\/types\/page"}],"author":[{"embeddable":true,"href":"https:\/\/unitreorvieto.it\/index.php?rest_route=\/wp\/v2\/users\/5"}],"replies":[{"embeddable":true,"href":"https:\/\/unitreorvieto.it\/index.php?rest_route=%2Fwp%2Fv2%2Fcomments&post=307"}],"version-history":[{"count":7,"href":"https:\/\/unitreorvieto.it\/index.php?rest_route=\/wp\/v2\/pages\/307\/revisions"}],"predecessor-version":[{"id":3352,"href":"https:\/\/unitreorvieto.it\/index.php?rest_route=\/wp\/v2\/pages\/307\/revisions\/3352"}],"wp:attachment":[{"href":"https:\/\/unitreorvieto.it\/index.php?rest_route=%2Fwp%2Fv2%2Fmedia&parent=307"}],"curies":[{"name":"wp","href":"https:\/\/api.w.org\/{rel}","templated":true}]}}